{"id":242,"date":"2022-05-17T13:19:50","date_gmt":"2022-05-17T11:19:50","guid":{"rendered":"http:\/\/www.dbasystems.pl\/?page_id=242"},"modified":"2022-05-18T11:18:02","modified_gmt":"2022-05-18T09:18:02","slug":"automatyka-przemyslowa","status":"publish","type":"page","link":"https:\/\/www.dbasystems.pl\/index.php\/automatyka-przemyslowa\/","title":{"rendered":"Automatyka przemys\u0142owa"},"content":{"rendered":"\n<p>Automatyka przemys\u0142owa obejmuje bardzo szeroki zakres zagadnie\u0144. W ramach naszych kompetencji realizujemy zadania zwi\u0105zane mi\u0119dzy innymi z projektowaniem oraz prowadzeniem uruchomie\u0144 instalacji przemys\u0142owych, takich jak:<\/p>\n\n\n\n<p>linie produkcyjne, w\u0119z\u0142y procesowe,<\/p>\n\n\n\n<p>kot\u0142ownie, stacje uzdatniania, instalacje ch\u0142odnicze,<\/p>\n\n\n\n<p>instalacje wentylacji i utrzymania kaskady ci\u015bnie\u0144, oczyszczalnie \u015bciek\u00f3w.<\/p>\n\n\n\n<div style=\"height:25px\" aria-hidden=\"true\" class=\"wp-block-spacer\"><\/div>\n\n\n\n<p>Jeste\u015bmy przygotowani aby przeprowadzi\u0107 proces uruchomienia pocz\u0105wszy od uzgodnie\u0144, doboru element\u00f3w kontrolno-pomiarowych, wykonania dokumentacji projektowej, przez nadz\u00f3r nad wykonaniem instalacji a\u017c po, opracowanie dokumentacji uruchomieniowej, przeprowadzenie uruchomie\u0144, oprogramowanie sterownik\u00f3w i wykonanie test\u00f3w instalacji.<\/p>\n\n\n\n<div style=\"height:25px\" aria-hidden=\"true\" class=\"wp-block-spacer\"><\/div>\n\n\n\n<p>Pracujemy g\u00f3wnie na sterownikach <strong>Beckhoff Automation, Wago, Siemens Simatic<\/strong>. Z tymi producentami mamy najwi\u0119ksze do\u015bwiadczenie i najwi\u0119cej realizacji. Niemniej jednak w razie potrzeby mo\u017cemy pracowa\u0107 z innymi producentami automatyki.<\/p>\n","protected":false},"excerpt":{"rendered":"<p>Automatyka przemys\u0142owa obejmuje bardzo szeroki zakres zagadnie\u0144. W ramach naszych kompetencji realizujemy zadania zwi\u0105zane mi\u0119dzy innymi z projektowaniem oraz prowadzeniem uruchomie\u0144 instalacji przemys\u0142owych, takich jak: linie produkcyjne, w\u0119z\u0142y procesowe, kot\u0142ownie, &#8230; <\/p>\n","protected":false},"author":1,"featured_media":0,"parent":0,"menu_order":0,"comment_status":"closed","ping_status":"closed","template":"","meta":[],"yoast_head":"<!-- This site is optimized with the Yoast SEO plugin v18.9 - https:\/\/yoast.com\/wordpress\/plugins\/seo\/ -->\n<title>Automatyka przemys\u0142owa - DBASystems Sp. z o.o.<\/title>\n<meta name=\"description\" content=\"Automatyka przemys\u0142owa, systemy sterowania i monitoringu proces\u00f3w przemys\u0142owych. Projektowanie, nadz\u00f3r, realizacja, serwis.\" \/>\n<meta name=\"robots\" content=\"index, follow, max-snippet:-1, max-image-preview:large, max-video-preview:-1\" \/>\n<link rel=\"canonical\" href=\"https:\/\/www.dbasystems.pl\/index.php\/automatyka-przemyslowa\/\" \/>\n<meta property=\"og:locale\" content=\"pl_PL\" \/>\n<meta property=\"og:type\" content=\"article\" \/>\n<meta property=\"og:title\" content=\"Automatyka przemys\u0142owa - DBASystems Sp. z o.o.\" \/>\n<meta property=\"og:description\" content=\"Automatyka przemys\u0142owa, systemy sterowania i monitoringu proces\u00f3w przemys\u0142owych. Projektowanie, nadz\u00f3r, realizacja, serwis.\" \/>\n<meta property=\"og:url\" content=\"https:\/\/www.dbasystems.pl\/index.php\/automatyka-przemyslowa\/\" \/>\n<meta property=\"og:site_name\" content=\"DBASystems Sp. z o.o.\" \/>\n<meta property=\"article:publisher\" content=\"https:\/\/facebook.com\/dbasystems\" \/>\n<meta property=\"article:modified_time\" content=\"2022-05-18T09:18:02+00:00\" \/>\n<meta name=\"twitter:card\" content=\"summary_large_image\" \/>\n<meta name=\"twitter:label1\" content=\"Szacowany czas czytania\" \/>\n\t<meta name=\"twitter:data1\" content=\"1 minuta\" \/>\n<script type=\"application\/ld+json\" class=\"yoast-schema-graph\">{\"@context\":\"https:\/\/schema.org\",\"@graph\":[{\"@type\":\"Organization\",\"@id\":\"https:\/\/www.dbasystems.pl\/#organization\",\"name\":\"DBASystems Sp. z o.o.\",\"url\":\"https:\/\/www.dbasystems.pl\/\",\"sameAs\":[\"https:\/\/facebook.com\/dbasystems\"],\"logo\":{\"@type\":\"ImageObject\",\"inLanguage\":\"pl-PL\",\"@id\":\"https:\/\/www.dbasystems.pl\/#\/schema\/logo\/image\/\",\"url\":\"http:\/\/www.dbasystems.pl\/wp-content\/uploads\/2016\/03\/LogoDBASystems.jpg\",\"contentUrl\":\"http:\/\/www.dbasystems.pl\/wp-content\/uploads\/2016\/03\/LogoDBASystems.jpg\",\"width\":500,\"height\":500,\"caption\":\"DBASystems Sp. z o.o.\"},\"image\":{\"@id\":\"https:\/\/www.dbasystems.pl\/#\/schema\/logo\/image\/\"}},{\"@type\":\"WebSite\",\"@id\":\"https:\/\/www.dbasystems.pl\/#website\",\"url\":\"https:\/\/www.dbasystems.pl\/\",\"name\":\"DBASystems Sp. z o.o.\",\"description\":\"Database &amp; Automation Systems\",\"publisher\":{\"@id\":\"https:\/\/www.dbasystems.pl\/#organization\"},\"potentialAction\":[{\"@type\":\"SearchAction\",\"target\":{\"@type\":\"EntryPoint\",\"urlTemplate\":\"https:\/\/www.dbasystems.pl\/?s={search_term_string}\"},\"query-input\":\"required name=search_term_string\"}],\"inLanguage\":\"pl-PL\"},{\"@type\":\"WebPage\",\"@id\":\"https:\/\/www.dbasystems.pl\/index.php\/automatyka-przemyslowa\/#webpage\",\"url\":\"https:\/\/www.dbasystems.pl\/index.php\/automatyka-przemyslowa\/\",\"name\":\"Automatyka przemys\u0142owa - DBASystems Sp. z o.o.\",\"isPartOf\":{\"@id\":\"https:\/\/www.dbasystems.pl\/#website\"},\"datePublished\":\"2022-05-17T11:19:50+00:00\",\"dateModified\":\"2022-05-18T09:18:02+00:00\",\"description\":\"Automatyka przemys\u0142owa, systemy sterowania i monitoringu proces\u00f3w przemys\u0142owych. Projektowanie, nadz\u00f3r, realizacja, serwis.\",\"breadcrumb\":{\"@id\":\"https:\/\/www.dbasystems.pl\/index.php\/automatyka-przemyslowa\/#breadcrumb\"},\"inLanguage\":\"pl-PL\",\"potentialAction\":[{\"@type\":\"ReadAction\",\"target\":[\"https:\/\/www.dbasystems.pl\/index.php\/automatyka-przemyslowa\/\"]}]},{\"@type\":\"BreadcrumbList\",\"@id\":\"https:\/\/www.dbasystems.pl\/index.php\/automatyka-przemyslowa\/#breadcrumb\",\"itemListElement\":[{\"@type\":\"ListItem\",\"position\":1,\"name\":\"Strona g\u0142\u00f3wna\",\"item\":\"https:\/\/www.dbasystems.pl\/\"},{\"@type\":\"ListItem\",\"position\":2,\"name\":\"Automatyka przemys\u0142owa\"}]}]}<\/script>\n<!-- \/ Yoast SEO plugin. -->","yoast_head_json":{"title":"Automatyka przemys\u0142owa - DBASystems Sp. z o.o.","description":"Automatyka przemys\u0142owa, systemy sterowania i monitoringu proces\u00f3w przemys\u0142owych. Projektowanie, nadz\u00f3r, realizacja, serwis.","robots":{"index":"index","follow":"follow","max-snippet":"max-snippet:-1","max-image-preview":"max-image-preview:large","max-video-preview":"max-video-preview:-1"},"canonical":"https:\/\/www.dbasystems.pl\/index.php\/automatyka-przemyslowa\/","og_locale":"pl_PL","og_type":"article","og_title":"Automatyka przemys\u0142owa - DBASystems Sp. z o.o.","og_description":"Automatyka przemys\u0142owa, systemy sterowania i monitoringu proces\u00f3w przemys\u0142owych. Projektowanie, nadz\u00f3r, realizacja, serwis.","og_url":"https:\/\/www.dbasystems.pl\/index.php\/automatyka-przemyslowa\/","og_site_name":"DBASystems Sp. z o.o.","article_publisher":"https:\/\/facebook.com\/dbasystems","article_modified_time":"2022-05-18T09:18:02+00:00","twitter_card":"summary_large_image","twitter_misc":{"Szacowany czas czytania":"1 minuta"},"schema":{"@context":"https:\/\/schema.org","@graph":[{"@type":"Organization","@id":"https:\/\/www.dbasystems.pl\/#organization","name":"DBASystems Sp. z o.o.","url":"https:\/\/www.dbasystems.pl\/","sameAs":["https:\/\/facebook.com\/dbasystems"],"logo":{"@type":"ImageObject","inLanguage":"pl-PL","@id":"https:\/\/www.dbasystems.pl\/#\/schema\/logo\/image\/","url":"http:\/\/www.dbasystems.pl\/wp-content\/uploads\/2016\/03\/LogoDBASystems.jpg","contentUrl":"http:\/\/www.dbasystems.pl\/wp-content\/uploads\/2016\/03\/LogoDBASystems.jpg","width":500,"height":500,"caption":"DBASystems Sp. z o.o."},"image":{"@id":"https:\/\/www.dbasystems.pl\/#\/schema\/logo\/image\/"}},{"@type":"WebSite","@id":"https:\/\/www.dbasystems.pl\/#website","url":"https:\/\/www.dbasystems.pl\/","name":"DBASystems Sp. z o.o.","description":"Database &amp; Automation Systems","publisher":{"@id":"https:\/\/www.dbasystems.pl\/#organization"},"potentialAction":[{"@type":"SearchAction","target":{"@type":"EntryPoint","urlTemplate":"https:\/\/www.dbasystems.pl\/?s={search_term_string}"},"query-input":"required name=search_term_string"}],"inLanguage":"pl-PL"},{"@type":"WebPage","@id":"https:\/\/www.dbasystems.pl\/index.php\/automatyka-przemyslowa\/#webpage","url":"https:\/\/www.dbasystems.pl\/index.php\/automatyka-przemyslowa\/","name":"Automatyka przemys\u0142owa - DBASystems Sp. z o.o.","isPartOf":{"@id":"https:\/\/www.dbasystems.pl\/#website"},"datePublished":"2022-05-17T11:19:50+00:00","dateModified":"2022-05-18T09:18:02+00:00","description":"Automatyka przemys\u0142owa, systemy sterowania i monitoringu proces\u00f3w przemys\u0142owych. Projektowanie, nadz\u00f3r, realizacja, serwis.","breadcrumb":{"@id":"https:\/\/www.dbasystems.pl\/index.php\/automatyka-przemyslowa\/#breadcrumb"},"inLanguage":"pl-PL","potentialAction":[{"@type":"ReadAction","target":["https:\/\/www.dbasystems.pl\/index.php\/automatyka-przemyslowa\/"]}]},{"@type":"BreadcrumbList","@id":"https:\/\/www.dbasystems.pl\/index.php\/automatyka-przemyslowa\/#breadcrumb","itemListElement":[{"@type":"ListItem","position":1,"name":"Strona g\u0142\u00f3wna","item":"https:\/\/www.dbasystems.pl\/"},{"@type":"ListItem","position":2,"name":"Automatyka przemys\u0142owa"}]}]}},"_links":{"self":[{"href":"https:\/\/www.dbasystems.pl\/index.php\/wp-json\/wp\/v2\/pages\/242"}],"collection":[{"href":"https:\/\/www.dbasystems.pl\/index.php\/wp-json\/wp\/v2\/pages"}],"about":[{"href":"https:\/\/www.dbasystems.pl\/index.php\/wp-json\/wp\/v2\/types\/page"}],"author":[{"embeddable":true,"href":"https:\/\/www.dbasystems.pl\/index.php\/wp-json\/wp\/v2\/users\/1"}],"replies":[{"embeddable":true,"href":"https:\/\/www.dbasystems.pl\/index.php\/wp-json\/wp\/v2\/comments?post=242"}],"version-history":[{"count":4,"href":"https:\/\/www.dbasystems.pl\/index.php\/wp-json\/wp\/v2\/pages\/242\/revisions"}],"predecessor-version":[{"id":265,"href":"https:\/\/www.dbasystems.pl\/index.php\/wp-json\/wp\/v2\/pages\/242\/revisions\/265"}],"wp:attachment":[{"href":"https:\/\/www.dbasystems.pl\/index.php\/wp-json\/wp\/v2\/media?parent=242"}],"curies":[{"name":"wp","href":"https:\/\/api.w.org\/{rel}","templated":true}]}}