{"id":18,"date":"2016-03-23T19:30:02","date_gmt":"2016-03-23T18:30:02","guid":{"rendered":"http:\/\/www.dbasystems.pl\/?page_id=18"},"modified":"2022-05-18T11:21:34","modified_gmt":"2022-05-18T09:21:34","slug":"o-nas","status":"publish","type":"page","link":"https:\/\/www.dbasystems.pl\/","title":{"rendered":"Informacje o nas"},"content":{"rendered":"<h3><strong>Czym si\u0119 zajmujemy ?<\/strong><\/h3>\n<p>Dzia\u0142alno\u015b\u0107 DBASystems Sp. z o.o. skupia si\u0119 przede wszystkim na projektowaniu, wdra\u017caniu i serwisowaniu system\u00f3w automatyki zar\u00f3wno dla przemys\u0142u (<strong>Siemens Simatic, Beckhoff, Wago<\/strong>) jak i automatyki budynkowej (<strong>Siemens Desigo, Schneider Electric Eco Struxure, Delta Controls, KNX, DALI<\/strong>).<\/p>\n<p>Produkujemy r\u00f3wnie\u017c rozdzielnice zasilaj\u0105co-sterownicze na potrzeby realizowanych przez nas projekt\u00f3w oraz na zam\u00f3wienie dla klient\u00f3w zewn\u0119trznych.<\/p>\n<h6><a href=\"https:\/\/www.dbasystems.pl\/index.php\/czym-sie-zajmujemy\/\"><em>czytaj wi\u0119cej &#8230;<\/em><\/a><\/h6>\n\n\n<div style=\"height:50px\" aria-hidden=\"true\" class=\"wp-block-spacer\"><\/div>\n\n\n\n<h3><strong>Automatyka dla przemys\u0142u<\/strong><\/h3>\n\n\n\n<p>W zakresie szeroko poj\u0119tej automatyki przemys\u0142owej, realizujemy zadania zwi\u0105zane mi\u0119dzy innymi z projektowaniem oraz prowadzeniem uruchomie\u0144 instalacji przemys\u0142owych, takich jak: <\/p>\n\n\n\n<p>linie produkcyjne, w\u0119z\u0142y procesowe, <\/p>\n\n\n\n<p>kot\u0142ownie, stacje uzdatniania, instalacje ch\u0142odnicze, <\/p>\n\n\n\n<p>instalacje wentylacji i utrzymania kaskady ci\u015bnie\u0144, oczyszczalnie \u015bciek\u00f3w.<\/p>\n\n\n\n<h6><em><a href=\"https:\/\/www.dbasystems.pl\/index.php\/automatyka-przemyslowa\/\">czytaj wi\u0119cej &#8230;<\/a><\/em><\/h6>\n\n\n\n<div style=\"height:25px\" aria-hidden=\"true\" class=\"wp-block-spacer\"><\/div>\n\n\n\n<h3><strong>Automatyka budynkowa<\/strong> <\/h3>\n\n\n\n<p>Automatyka budynkowa z ka\u017cdym rokiem nabiera znaczenia w nowoczesnych budynkach. Nasza firma od wielu lat realizuje projekty oraz wdro\u017cenia w zakresie automatyki budynkowej. <\/p>\n\n\n\n<p>Projektujemy, uruchamiamy i serwisujemy kompletne systemy zarz\u0105dzania budynkiem ( BMS ) dla budynk\u00f3w biurowych, laboratori\u00f3w, magazyn\u00f3w, szpitali i innych.<\/p>\n\n\n\n<div style=\"height:25px\" aria-hidden=\"true\" class=\"wp-block-spacer\"><\/div>\n\n\n\n<h3><strong>Projektowanie system\u00f3w automatyki<\/strong><\/h3>\n\n\n\n<p>Podstaw\u0105 udanego wdro\u017cenia ka\u017cdego systemu automatyki, jest solidny i szczeg\u00f3\u0142owy projekt. DBASystems Sp. z o.o. posiada niezb\u0119dn\u0105 wiedz\u0119, do\u015bwiadczenie oraz narz\u0119dzia, pozwalaj\u0105ce na projektowanie i opracowanie wysokiej jako\u015bci dokumentacji. Nasze projekty zawieraj\u0105 schematy elektryczne, rysunki gabarytowe, szczeg\u00f3\u0142owe zestawienia aparatury, materia\u0142\u00f3w czy kabli.<\/p>\n\n\n\n<div style=\"height:25px\" aria-hidden=\"true\" class=\"wp-block-spacer\"><\/div>\n\n\n\n<h3><strong>Produkcja rozdzielnic<\/strong><\/h3>\n\n\n\n<p>Zajmujemy si\u0119 produkcj\u0105 rozdzielnic zasilaj\u0105cych, zasilaj\u0105co-sterowniczych, sterowniczych, rozdzielni budynkowych oraz g\u0142\u00f3wnych. Posiadamy wykwalifikowan\u0105 kadr\u0119 oraz niezb\u0119dne narz\u0119dzia, pozwalaj\u0105ce na zapewnienie wysokiej jako\u015bci wykonania. <\/p>\n\n\n\n<p>Wszystkie produkowane urz\u0105dzenia przechodz\u0105 szczeg\u00f3\u0142ow\u0105 kontrol\u0119 jako\u015bci. Dostarczamy r\u00f3wnie\u017c dokumentacj\u0119 pomiarow\u0105 dla produkowanych rozdzielnic.<\/p>\n\n\n\n<div style=\"height:25px\" aria-hidden=\"true\" class=\"wp-block-spacer\"><\/div>\n\n\n\n<h3><strong>Serwis<\/strong> <\/h3>\n\n\n\n<p>Realizujemy umowy serwisowe, w ramach kt\u00f3rych zapewniamy bie\u017c\u0105c\u0105 obs\u0142ug\u0119 i konserwacj\u0119 system\u00f3w automatyki. Dotyczy to zar\u00f3wno instalacji zrealizowanych przez nas jak i istniej\u0105cych.<\/p>\n\n\n\n<p><\/p>\n","protected":false},"excerpt":{"rendered":"<p>Czym si\u0119 zajmujemy ? Dzia\u0142alno\u015b\u0107 DBASystems Sp. z o.o. skupia si\u0119 przede wszystkim na projektowaniu, wdra\u017caniu i serwisowaniu system\u00f3w automatyki zar\u00f3wno dla przemys\u0142u (Siemens Simatic, Beckhoff, Wago) jak i automatyki &#8230; <\/p>\n","protected":false},"author":1,"featured_media":0,"parent":0,"menu_order":0,"comment_status":"closed","ping_status":"closed","template":"","meta":[],"yoast_head":"<!-- This site is optimized with the Yoast SEO plugin v18.9 - https:\/\/yoast.com\/wordpress\/plugins\/seo\/ -->\n<title>Informacje o nas - DBASystems Sp. z o.o.<\/title>\n<meta name=\"description\" content=\"DBASystems Sp. z o.o. instalacjami automatyki zajmuje si\u0119 od 2009 roku. W tym czasie zdobyli\u015bmy szereg do\u015bwiadcze\u0144 przy wielu realizacjach.\" \/>\n<meta name=\"robots\" content=\"index, follow, max-snippet:-1, max-image-preview:large, max-video-preview:-1\" \/>\n<link rel=\"canonical\" href=\"https:\/\/www.dbasystems.pl\/\" \/>\n<meta property=\"og:locale\" content=\"pl_PL\" \/>\n<meta property=\"og:type\" content=\"article\" \/>\n<meta property=\"og:title\" content=\"Informacje o nas - DBASystems Sp. z o.o.\" \/>\n<meta property=\"og:description\" content=\"DBASystems Sp. z o.o. instalacjami automatyki zajmuje si\u0119 od 2009 roku. W tym czasie zdobyli\u015bmy szereg do\u015bwiadcze\u0144 przy wielu realizacjach.\" \/>\n<meta property=\"og:url\" content=\"https:\/\/www.dbasystems.pl\/\" \/>\n<meta property=\"og:site_name\" content=\"DBASystems Sp. z o.o.\" \/>\n<meta property=\"article:publisher\" content=\"https:\/\/facebook.com\/dbasystems\" \/>\n<meta property=\"article:modified_time\" content=\"2022-05-18T09:21:34+00:00\" \/>\n<meta name=\"twitter:card\" content=\"summary_large_image\" \/>\n<meta name=\"twitter:label1\" content=\"Szacowany czas czytania\" \/>\n\t<meta name=\"twitter:data1\" content=\"2 minuty\" \/>\n<script type=\"application\/ld+json\" class=\"yoast-schema-graph\">{\"@context\":\"https:\/\/schema.org\",\"@graph\":[{\"@type\":\"Organization\",\"@id\":\"https:\/\/www.dbasystems.pl\/#organization\",\"name\":\"DBASystems Sp. z o.o.\",\"url\":\"https:\/\/www.dbasystems.pl\/\",\"sameAs\":[\"https:\/\/facebook.com\/dbasystems\"],\"logo\":{\"@type\":\"ImageObject\",\"inLanguage\":\"pl-PL\",\"@id\":\"https:\/\/www.dbasystems.pl\/#\/schema\/logo\/image\/\",\"url\":\"http:\/\/www.dbasystems.pl\/wp-content\/uploads\/2016\/03\/LogoDBASystems.jpg\",\"contentUrl\":\"http:\/\/www.dbasystems.pl\/wp-content\/uploads\/2016\/03\/LogoDBASystems.jpg\",\"width\":500,\"height\":500,\"caption\":\"DBASystems Sp. z o.o.\"},\"image\":{\"@id\":\"https:\/\/www.dbasystems.pl\/#\/schema\/logo\/image\/\"}},{\"@type\":\"WebSite\",\"@id\":\"https:\/\/www.dbasystems.pl\/#website\",\"url\":\"https:\/\/www.dbasystems.pl\/\",\"name\":\"DBASystems Sp. z o.o.\",\"description\":\"Database &amp; Automation Systems\",\"publisher\":{\"@id\":\"https:\/\/www.dbasystems.pl\/#organization\"},\"potentialAction\":[{\"@type\":\"SearchAction\",\"target\":{\"@type\":\"EntryPoint\",\"urlTemplate\":\"https:\/\/www.dbasystems.pl\/?s={search_term_string}\"},\"query-input\":\"required name=search_term_string\"}],\"inLanguage\":\"pl-PL\"},{\"@type\":\"WebPage\",\"@id\":\"https:\/\/www.dbasystems.pl\/#webpage\",\"url\":\"https:\/\/www.dbasystems.pl\/\",\"name\":\"Informacje o nas - DBASystems Sp. z o.o.\",\"isPartOf\":{\"@id\":\"https:\/\/www.dbasystems.pl\/#website\"},\"datePublished\":\"2016-03-23T18:30:02+00:00\",\"dateModified\":\"2022-05-18T09:21:34+00:00\",\"description\":\"DBASystems Sp. z o.o. instalacjami automatyki zajmuje si\u0119 od 2009 roku. W tym czasie zdobyli\u015bmy szereg do\u015bwiadcze\u0144 przy wielu realizacjach.\",\"breadcrumb\":{\"@id\":\"https:\/\/www.dbasystems.pl\/#breadcrumb\"},\"inLanguage\":\"pl-PL\",\"potentialAction\":[{\"@type\":\"ReadAction\",\"target\":[\"https:\/\/www.dbasystems.pl\/\"]}]},{\"@type\":\"BreadcrumbList\",\"@id\":\"https:\/\/www.dbasystems.pl\/#breadcrumb\",\"itemListElement\":[{\"@type\":\"ListItem\",\"position\":1,\"name\":\"Strona g\u0142\u00f3wna\",\"item\":\"https:\/\/www.dbasystems.pl\/\"},{\"@type\":\"ListItem\",\"position\":2,\"name\":\"Informacje o nas\"}]}]}<\/script>\n<!-- \/ Yoast SEO plugin. -->","yoast_head_json":{"title":"Informacje o nas - DBASystems Sp. z o.o.","description":"DBASystems Sp. z o.o. instalacjami automatyki zajmuje si\u0119 od 2009 roku. W tym czasie zdobyli\u015bmy szereg do\u015bwiadcze\u0144 przy wielu realizacjach.","robots":{"index":"index","follow":"follow","max-snippet":"max-snippet:-1","max-image-preview":"max-image-preview:large","max-video-preview":"max-video-preview:-1"},"canonical":"https:\/\/www.dbasystems.pl\/","og_locale":"pl_PL","og_type":"article","og_title":"Informacje o nas - DBASystems Sp. z o.o.","og_description":"DBASystems Sp. z o.o. instalacjami automatyki zajmuje si\u0119 od 2009 roku. W tym czasie zdobyli\u015bmy szereg do\u015bwiadcze\u0144 przy wielu realizacjach.","og_url":"https:\/\/www.dbasystems.pl\/","og_site_name":"DBASystems Sp. z o.o.","article_publisher":"https:\/\/facebook.com\/dbasystems","article_modified_time":"2022-05-18T09:21:34+00:00","twitter_card":"summary_large_image","twitter_misc":{"Szacowany czas czytania":"2 minuty"},"schema":{"@context":"https:\/\/schema.org","@graph":[{"@type":"Organization","@id":"https:\/\/www.dbasystems.pl\/#organization","name":"DBASystems Sp. z o.o.","url":"https:\/\/www.dbasystems.pl\/","sameAs":["https:\/\/facebook.com\/dbasystems"],"logo":{"@type":"ImageObject","inLanguage":"pl-PL","@id":"https:\/\/www.dbasystems.pl\/#\/schema\/logo\/image\/","url":"http:\/\/www.dbasystems.pl\/wp-content\/uploads\/2016\/03\/LogoDBASystems.jpg","contentUrl":"http:\/\/www.dbasystems.pl\/wp-content\/uploads\/2016\/03\/LogoDBASystems.jpg","width":500,"height":500,"caption":"DBASystems Sp. z o.o."},"image":{"@id":"https:\/\/www.dbasystems.pl\/#\/schema\/logo\/image\/"}},{"@type":"WebSite","@id":"https:\/\/www.dbasystems.pl\/#website","url":"https:\/\/www.dbasystems.pl\/","name":"DBASystems Sp. z o.o.","description":"Database &amp; Automation Systems","publisher":{"@id":"https:\/\/www.dbasystems.pl\/#organization"},"potentialAction":[{"@type":"SearchAction","target":{"@type":"EntryPoint","urlTemplate":"https:\/\/www.dbasystems.pl\/?s={search_term_string}"},"query-input":"required name=search_term_string"}],"inLanguage":"pl-PL"},{"@type":"WebPage","@id":"https:\/\/www.dbasystems.pl\/#webpage","url":"https:\/\/www.dbasystems.pl\/","name":"Informacje o nas - DBASystems Sp. z o.o.","isPartOf":{"@id":"https:\/\/www.dbasystems.pl\/#website"},"datePublished":"2016-03-23T18:30:02+00:00","dateModified":"2022-05-18T09:21:34+00:00","description":"DBASystems Sp. z o.o. instalacjami automatyki zajmuje si\u0119 od 2009 roku. W tym czasie zdobyli\u015bmy szereg do\u015bwiadcze\u0144 przy wielu realizacjach.","breadcrumb":{"@id":"https:\/\/www.dbasystems.pl\/#breadcrumb"},"inLanguage":"pl-PL","potentialAction":[{"@type":"ReadAction","target":["https:\/\/www.dbasystems.pl\/"]}]},{"@type":"BreadcrumbList","@id":"https:\/\/www.dbasystems.pl\/#breadcrumb","itemListElement":[{"@type":"ListItem","position":1,"name":"Strona g\u0142\u00f3wna","item":"https:\/\/www.dbasystems.pl\/"},{"@type":"ListItem","position":2,"name":"Informacje o nas"}]}]}},"_links":{"self":[{"href":"https:\/\/www.dbasystems.pl\/index.php\/wp-json\/wp\/v2\/pages\/18"}],"collection":[{"href":"https:\/\/www.dbasystems.pl\/index.php\/wp-json\/wp\/v2\/pages"}],"about":[{"href":"https:\/\/www.dbasystems.pl\/index.php\/wp-json\/wp\/v2\/types\/page"}],"author":[{"embeddable":true,"href":"https:\/\/www.dbasystems.pl\/index.php\/wp-json\/wp\/v2\/users\/1"}],"replies":[{"embeddable":true,"href":"https:\/\/www.dbasystems.pl\/index.php\/wp-json\/wp\/v2\/comments?post=18"}],"version-history":[{"count":23,"href":"https:\/\/www.dbasystems.pl\/index.php\/wp-json\/wp\/v2\/pages\/18\/revisions"}],"predecessor-version":[{"id":271,"href":"https:\/\/www.dbasystems.pl\/index.php\/wp-json\/wp\/v2\/pages\/18\/revisions\/271"}],"wp:attachment":[{"href":"https:\/\/www.dbasystems.pl\/index.php\/wp-json\/wp\/v2\/media?parent=18"}],"curies":[{"name":"wp","href":"https:\/\/api.w.org\/{rel}","templated":true}]}}